)/6 - (-21)/v. Suppose -w - j*x - 1 = 0, w - 4*x = 5*w - 8. Calculate the remainder when 22 is divided by w.
2
Suppose -2*x + 114 = 4*r, r + 150 = 6*x - 3*x. Let d = -1980 - -2006. What is the remainder when x is divided by d?
25
Let g be 36*(34/6 - 5). Suppose -5*w + 6*w = g. Calculate the remainder when 69 is divided by w.
21
Let b(l) = 14*l - 59. Calculate the remainder when 212 is divided by b(6).
12
Suppose 328 = -17*v + 25*v. Calculate the remainder when 141 is divided by v.
18
Calculate the remainder when (2 + -3 + -3)/(6/(-1509)) is divided by 101.
97
Suppose -4*r = 0, 2*r - 3*r = -3*f + 213. Calculate the remainder when f is divided by 38.
33
Suppose -21*p + 180 = -12*p. Calculate the remainder when p is divided by 13.
7
Suppose 2*h = -2*r + 148, -2*r + 2*h + 112 + 24 = 0. Calculate the remainder when r is divided by 12.
11
Suppose -65 = 4*v - 3*v. Let m = 148 + v. Let k = 164 - m. Calculate the remainder when k is divided by 17.
13
Suppose 0 = n + 3*g + 4, -5*g - 7 - 11 = -4*n. Suppose -n*m + 5*q + 26 = 4*q, 0 = -4*q. What is the remainder when 38 is divided by m?
12
Suppose -4*k - 140 = -0*k. Let n = k - -42. What is the remainder when n is divided by 3?
1
Suppose -12*a = -7*a - 15. Suppose 5 - 20 = a*n, 0 = 2*v - 3*n - 187. Calculate the remainder when v is divided by 18.
14
Suppose -3 = -p, -4*n - 3*p = -n - 15. Let r(w) = -5 - w**n - 4 - 6 - 10*w. Calculate the remainder when 25 is divided by r(-6).
7
Suppose -3 = 2*x - 13. Suppose -x*r = -r - 36. Let s = -337 - -372. Calculate the remainder when s is divided by r.
8
Suppose 0 = 4*y + 5*s - 157, -6*y + 3*y = -5*s - 74. Calculate the remainder when y is divided by -6 + (-105)/(-20) + (-51)/(-4).
9
Suppose 2*w + 10 = 0, 4*g - w = 26 + 7. Let c be ((-8)/(-4))/((-6)/(-33)). Suppose j - c = -0*j. Calculate the remainder when j is divided by g.
4
Suppose -24057 = -40*q - 59*q. What is the remainder when q is divided by 7?
5
Let x = 11 + 2. Suppose 51 = 5*w - 4*v, 5*w + 2*v = 3 + 24. What is the remainder when x is divided by w?
6
Let p = -71 - -70. What is the remainder when 93 is divided by (p - (-15)/3)*-4*-1?
13
Suppose 9*p - 164 - 205 = 0. What is the remainder when p is divided by (6/8)/(1/28)?
20
Let g = 580 + -389. Calculate the remainder when g is divided by 24.
23
Let z = -158 + 245. What is the remainder when z is divided by 10?
7
Suppose -3*k = 4*c - 28, 0 = 2*k - 2*c - c - 47. What is the remainder when 45*((-12)/(-4) - 2) is divided by k?
13
Suppose 4*j + v - 39 = 0, 0 = -j + 4*v - 9*v + 5. What is the remainder when j is divided by 7?
3
Let c(k) = k**3 + 12*k**2 + 11*k - 13. Let b be c(-10). Suppose -5*m + b = 3*z, -5*m = z + z - 73. Calculate the remainder when 62 is divided by m.
10
Let o be (-1)/((-15)/(-9) + -2). Suppose 5*d - o*d = 40. Suppose 4*a - 68 = d. What is the remainder when 64 is divided by a?
20
Suppose l = -3*l + 88. Suppose -2*b = -3*q + 2*q - 38, 2*b - l = -3*q. Let c = b + 2. What is the remainder when c is divided by 7?
5
Calculate the remainder when (-5)/(-25) + (-3744)/(-30) is divided by 55.
15
Let m = -943 - -1040. Calculate the remainder when m is divided by 20.
17
Suppose 105 = -3*z - 3*n, 2*n - 3*n = 2. Let h = z + 34. What is the remainder when 2/(-3) + 22/6 is divided by h?
0
Suppose -f + 56 = 3*c - 5*f, -11 = -3*c - 5*f. What is the remainder when 6*(0 + 40/c) is divided by 7?
6
Let b(k) = -17 + 5*k - k - 2*k - k. Let l be b(9). Calculate the remainder when 36 is divided by 11 - 8 - l*2.
17
Let c(w) be the third derivative of w**5/20 - 3*w**4/8 + 3*w**3 - 29*w**2. Calculate the remainder when c(4) is divided by 9.
3
Suppose 8*g - 598 = 834. Calculate the remainder when g is divided by 30.
29
Let y(w) = 9*w**2 - 15*w - 66. What is the remainder when 958 is divided by y(-3)?
58
Suppose -h = 4*x - 941, 4*x - 3*h = 1317 - 364. Let p = x - -112. Suppose 8*m - p = 4*m. Calculate the remainder when m is divided by 22.
21
Suppose -2*s - 4*n - 83 = -161, 3*s - 114 = -3*n. What is the remainder when 395 is divided by s?
25
Let k = -57 - -63. Let r(a) = 5*a - 1. Calculate the remainder when r(4) is divided by k.
1
Let d = -79 - -115. Let y = -11 + 40. Let i = y + -16. What is the remainder when d is divided by i?
10
Let k(x) be the first derivative of -3*x**2 + 27*x - 42. Calculate the remainder when k(0) is divided by 14.
13
What is the remainder when 82 is divided by 4 - -1 - (-77)/(21/3)?
2
Let q(v) = 5*v**3 - 2*v**2 + v + 1. Suppose y = -2*y + 6. Let s = -177 + 246. What is the remainder when s is divided by q(y)?
34
Suppose 12 = 3*c - 7*c. Calculate the remainder when c + 17/5 - (-1074)/15 is divided by 40.
32
Suppose 2*n + 16*b - 21*b = 100, 3*n - 155 = 5*b. Calculate the remainder when 164 is divided by n.
54
Let c = -785 + 793. Calculate the remainder when 502 is divided by c.
6
Suppose -28*k - 476 = -56*k. What is the remainder when 424 is divided by k?
16
Suppose -3*v - 48 = -l, -2*v = -4*l + 101 + 141. Suppose 0*p + 3*p = 39. Calculate the remainder when l is divided by p.
11
Let s(v) = -v**3 - 34*v**2 + 34*v + 31. What is the remainder when s(-35) is divided by 34?
32
Suppose 0 = 5*t + 5*g - 75, -3*t + 2*g + 21 = 1. Let f(j) = -2*j + 12. Let x be f(t). Let h = 5 - x. Calculate the remainder when h is divided by 8.
5
Calculate the remainder when 61 is divided by 23 + -28 - (2 + -24 + -2).
4
Let p(c) = 3*c**2 - 4*c + 1. Let j(g) = -g**3 - 3*g**2 + 4. Let w be j(-3). Let q(l) = 2*l**3 + 1. What is the remainder when q(w) is divided by p(4)?
30
Suppose -12*m + 58 = -10*m. What is the remainder when 86 is divided by m?
28
Suppose -21*b = -16*b - 165. What is the remainder when 492 is divided by b?
30
Let y = 630 - 582. Calculate the remainder when 1438 is divided by y.
46
What is the remainder when (-8)/((-64)/102)*120/9 is divided by 22?
16
Let h(u) = -u**3 + 5*u**2 - 3*u - 2. Let k be h(2). Suppose 0 = -k*y + 10 + 22. What is the remainder when 31 is divided by y?
7
Let s(x) = -x**2 + 15*x + 3. Let a be s(15). Suppose -3*u + 2*j = -81, 57 = -5*u + a*j + 193. What is the remainder when u is divided by 16?
13
Let b = 2064 - 1556. What is the remainder when b is divided by 51?
49
Let s(y) = -6*y - 91. Calculate the remainder when s(-17) is divided by 6.
5
Let q(n) = 4*n**2 + n - 13. Let c(z) = z**2 - 1. Let u(j) = -2*c(j) + q(j). What is the remainder when 128 is divided by u(5)?
40
Suppose 4*m = 4*k + 12, -k + 2*k = 0. Suppose -3*x = -4*j - 0*x, m*j - 21 = -3*x. Calculate the remainder when 35 is divided by (-4)/(-1*j/9).
11
Suppose -276*i + 279*i - 126 = 0. What is the remainder when 121 is divided by i?
37
Suppose 28*f = 4*h + 24*f - 4012, -4*h - 5*f + 4048 = 0. Calculate the remainder when h is divided by 48.
47
Let b(a) = -a**2 + 20*a + 126. Calculate the remainder when 101 is divided by b(24).
11
Suppose 0 = 4*u - 8, -q - 2*u - 2 = -9. Suppose 5 = v + q. Let m(l) = 27*l + 1. Calculate the remainder when m(v) is divided by 19.
17
Let t(w) = w**3 + 39*w**2 + 70*w - 97. What is the remainder when t(-37) is divided by 16?
3
Suppose -3*v + 30 + 24 = 0. Let g = -53 - -124. Calculate the remainder when g is divided by v.
17
Let x = -59 + -33. Let c = -44 - x. Suppose -6*a + 40 = -2*a. What is the remainder when c is divided by a?
8
Suppose 2*w + 4*u = 16, 0 = -4*w - 0*u + 4*u - 4. Suppose q - 2*d + 3*d - 13 = 0, 0 = -w*d + 2. What is the remainder when 21 is divided by q?
9
Suppose 0 = -2*a + 8*a + 72. What is the remainder when (4/a + 1)*93 is divided by 16?
14
Let b = -26 - -40. What is the remainder when 38 is divided by b?
10
Let j(p) = 3*p + 81. What is the remainder when j(3) is divided by 16?
10
Suppose -q = -4*v - 4*q + 52, v + 3*q - 4 = 0. Calculate the remainder when v is divided by 7.
2
Calculate the remainder when 344 is divided by (1 - -1)*(-7)/(-70)*115.
22
Let y(u) = -6*u**3 + 30*u**2 + 7*u. Calculate the remainder when 60 is divided by y(5).
25
Suppose -57*f = -32*f - 28175. What is the remainder when f is divided by 113?
110
Let y(l) = -12*l + 333 + l**2 + 0*l**2 - 311. Calculate the remainder when y(11) is divided by 3.
2
Let s be ((-18)/(-27))/((-1)/(-3)). Suppose -6 = s*o - 3*o. Let g(b) = -b**2 + 8*b - 3. What is the remainder when 26 is divided by g(o)?
8
Let c(z) = -5*z**3. Let s be c(-1). Let x(q) = -q**3 + 4*q**2 + 7*